 is divided by 6495.
122
What is the remainder when 334685516 is divided by 2349?
2345
Calculate the remainder when 542251 is divided by 1349.
1302
What is the remainder when 8087214 is divided by 3194?
6
Calculate the remainder when 2629585 is divided by 1658.
1655
Calculate the remainder when 248121 is divided by 122285.
3551
What is the remainder when 45163642 is divided by 9032720?
42
What is the remainder when 113825377 is divided by 37941791?
4
What is the remainder when 298377 is divided by 85?
27
What is the remainder when 1216726 is divided by 393?
391
What is the remainder when 37441278 is divided by 3091?
3086
What is the remainder when 196257 is divided by 27?
21
What is the remainder when 727999 is divided by 1120?
1119
Calculate the remainder when 350741769 is divided by 18.
15
What is the remainder when 32611134 is divided by 5895?
5889
What is the remainder when 30754410 is divided by 17?
16
What is the remainder when 31847247 is divided by 19?
17
What is the remainder when 44199074 is divided by 12954?
26
Calculate the remainder when 5192658 is divided by 11436.
714
Calculate the remainder when 78543143 is divided by 10251.
10232
What is the remainder when 463135657 is divided by 23?
21
What is the remainder when 211465602 is divided by 14?
12
What is the remainder when 21916 is divided by 1626?
778
What is the remainder when 771939699 is divided by 422?
419
What is the remainder when 376511871 is divided by 11?
10
Calculate the remainder when 14425 is divided by 1773.
241
What is the remainder when 1762398 is divided by 46378?
34
Calculate the remainder when 108613 is divided by 7755.
43
What is the remainder when 521138 is divided by 65131?
90
Calculate the remainder when 1952292 is divided by 19720.
12
What is the remainder when 201048291 is divided by 67016096?
3
Calculate the remainder when 1207913 is divided by 935.
828
What is the remainder when 100480 is divided by 18135?
9805
What is the remainder when 4004949 is divided by 36?
21
Calculate the remainder when 1747920 is divided by 2306.
2278
Calculate the remainder when 16349396 is divided by 5449794.
14
Calculate the remainder when 5072371 is divided by 31.
27
What is the remainder when 1883169017 is divided by 109?
106
What is the remainder when 1415737 is divided by 191?
45
Calculate the remainder when 969549 is divided by 969434.
115
What is the remainder when 3216568 is divided by 12?
4
What is the remainder when 42783 is divided by 895?
718
Calculate the remainder when 297844 is divided by 1738.
646
Calculate the remainder when 390725 is divided by 709.
66
What is the remainder when 237107 is divided by 1825?
1682
Calculate the remainder when 2461519 is divided by 1908.
199
Calculate the remainder when 10128003 is divided by 13893.
6
What is the remainder when 30092593 is divided by 60185?
93
What is the remainder when 2476083 is divided by 550?
533
Calculate the remainder when 14786999 is divided by 150.
149
What is the remainder when 13833295 is divided by 3458316?
31
What is the remainder when 95398 is divided by 2524?
2010
Calculate the remainder when 23928439 is divided by 854587.
3
What is the remainder when 73666 is divided by 73022?
644
What is the remainder when 656064 is divided by 1498?
1438
What is the remainder when 26810477 is divided by 6103?
6101
Calculate the remainder when 8470 is divided by 1042.
134
Calculate the remainder when 781344 is divided by 492.
48
Calculate the remainder when 352606 is divided by 253.
177
What is the remainder when 169396 is divided by 169263?
133
Calculate the remainder when 80767739 is divided by 3228.
3179
What is the remainder when 28878040 is divided by 3603?
3598
What is the remainder when 6438729 is divided by 1035?
1029
Calculate the remainder when 47828 is divided by 3401.
214
What is the remainder when 896711 is divided by 179253?
446
Calculate the remainder when 36421580 is divided by 9643.
9612
Calculate the remainder when 816814 is divided by 4345.
4299
Calculate the remainder when 118730 is divided by 1679.
1200
What is the remainder when 696170 is divided by 696158?
12
Calculate the remainder when 10050299 is divided by 428.
3
Calculate the remainder when 5531848 is divided by 1843944.
16
Calculate the remainder when 361977 is divided by 115.
72
What is the remainder when 3012896 is divided by 1815?
1811
Calculate the remainder when 5508447 is divided by 5508396.
51
What is the remainder when 2928618 is divided by 585715?
43
Calculate the remainder when 1731647 is divided by 157422.
5
What is the remainder when 32479 is divided by 145?
144
Calculate the remainder when 936141 is divided by 2245.
2221
Calculate the remainder when 8716500 is divided by 762.
744
What is the remainder when 14514 is divided by 6606?
1302
Calculate the remainder when 51489292 is divided by 56334.
16
What is the remainder when 7099899 is divided by 102896?
75
What is the remainder when 5918805 is divided by 392?
389
Calculate the remainder when 1761368 is divided by 440110.
928
Calculate the remainder when 1395357 is divided by 757.
206
Calculate the remainder when 6494425 is divided by 550.
25
What is the remainder when 317412 is divided by 2862?
2592
Calculate the remainder when 78786453 is divided by 78786444.
9
Calculate the remainder when 11809 is divided by 431.
172
What is the remainder when 5487447 is divided by 339?
54
What is the remainder when 30069985 is divided by 45?
40
Calculate the remainder when 130883989 is divided by 5.
4
Calculate the remainder when 60274448 is divided by 267.
266
Calculate the remainder when 121684298 is divided by 100.
98
What is the remainder when 3332018 is divided by 3331913?
105
What is the remainder when 4318376 is divided by 1298?
1228
Calculate the remainder when 4000056 is divided by 56.
32
Calculate the remainder when 7269001 is divided by 53.
51
What is the remainder when 400611 is divided by 11128?
3
Calculate the remainder when 74862 is divided by 367.
361
Calculate the remainder when 181277 is divided by 4545.
4022
Calculate the remainder when 162914074 is divided by 39.
37
Calculate the remainder when 451295 is divided by 9210.
5
Calculate the remainder when 201281 is divided by 51.
35
What is the remainder when 82553 is divided by 158?
77
Calculate the remainder when 4322013 is divided by 17426.
365
What is the remainder when 4272301 is divided by 132?
121
What is the remainder when 406069797 is divided by 3175?
3172
Calculate the remainder when 140773 is divided by 40.
13
What is the remainder when 1892077 is divided by 1244?
1197
What is the remainder when 730739 is divided by 243577?
8
Calculate the remainder when 140644 is divided by 6693.
91
What is the remainder when 176575 is divided by 1471?
55
What is the remainder when 456307 is divided by 4477?
4130
What is the remainder when 2645680 is divided by 2645671?
9
What is the remainder when 2112652 is divided by 99?
91
Calculate the remainder when 115372 is divided by 2880.
172
Calculate the remainder when 124660 is divided by 325.
185
Calculate the remainder when 60106831 is divided by 17.
16
What is the remainder when 2226704 is divided by 16616?
160
Calculate the remainder when 55720860 is divided by 875.
860
Calculate the remainder when 907 is divided by 121.
60
Calculate the remainder when 17092863 is divided by 6326.
11
What is the remainder when 3826799 is divided by 1567?
185
Calculate the remainder when 361777203 is divided by 46.
37
Calculate the remainder when 3002084 is divided by 443.
316
Calculate the remainder when 14852482 is divided by 42.
22
What is the remainder when 55912215 is divided by 4340?
4335
What is the remainder when 161117 is divided by 2122?
1967
What is the remainder when 274557 is divided by 214?
209
What is the remainder when 95519512 is divided by 1523?
1521
Calculate the remainder when 36034996 is divided by 4531.
4484
What is the remainder when 57277 is divided by 1049?
631
What is the remainder when 54263626 is divided by 9?
7
What is the remainder when 5495474 is divided by 137?
130
Calculate the remainder when 997031 is divided by 16.
7
Calculate the remainder when 31300772 is divided by 1075.
1072
What is the remainder when 7830023 is divided by 707?
705
Calculate the remai